(-4)/(-3))/(6/(-279)). Let t = r - -110. Calculate the greatest common factor of d and t.
16
Let v(u) = -8*u**2 + 136*u + 4. Let g be v(17). Calculate the greatest common divisor of 2048 and g.
4
Suppose 100*j + 125400 = 670*j. What is the highest common factor of 2794 and j?
22
Suppose 4 = 2*a + 4*z, -3 = -3*a - z + 8. Suppose a*b - 166 - 238 = -4*f, 207 = 2*b + 3*f. Calculate the greatest common factor of 64 and b.
32
Let j = -73 - -71. Let z(b) = 9*b**2 + 3*b. Let n be z(j). Suppose 0 = -7*y + 4*y + 45. What is the highest common factor of y and n?
15
Let n(a) = -2*a**3 + 198*a**2 + 197*a + 311. Let o be n(100). What is the highest common divisor of o and 8151?
11
Let m be (2448/2176)/((-1)/(-392)). Calculate the greatest common divisor of 2079 and m.
63
Suppose -16 = 4*b, o - b = 2*o - 52. Let x(l) = l**2 - 114*l + 1408. Let i be x(14). Calculate the greatest common factor of o and i.
8
Suppose -34548 - 71642 = -5*g + 5*p, -4*g - 3*p + 84987 = 0. Calculate the greatest common factor of 291 and g.
291
Let r = 2479 + -1641. Let c = -797 + r. What is the highest common factor of c and 451?
41
Let a(t) = -t**2 - 10*t - 7. Let d be a(-7). Let w be (-2)/(4 - (-1110)/(-275)). Suppose 0 = -48*q + w*q - 882. Calculate the highest common factor of q and d.
14
Suppose 0*m - 192 = -2*m. Suppose -51 - 57 = -184*n + 996. What is the greatest common factor of m and n?
6
Let i(m) = m. Let p be i(2). Suppose 70*h + 6372 = 52*h. Let k be -6 - 2/(-5 + h/(-72)). What is the greatest common divisor of k and p?
2
Let t(v) = 35*v + 60. Let l be t(-10). Let b = -266 - l. Calculate the greatest common divisor of 768 and b.
24
Let t be ((-126)/8)/((-18)/192). What is the highest common factor of 136 and t?
8
Suppose -5*t = -10, 0*f - f + 4*t = 492. Let w be (0 - 8/(-36)) + f/(-9). What is the greatest common factor of 144 and w?
18
Let a = 131 + -188. Let w = a + 96. Let f = -1658 - -1814. What is the highest common factor of f and w?
39
Suppose -2*m + 136 = 2*p, 5*p - 17*m - 364 = -16*m. Calculate the greatest common divisor of p and 162.
18
Let c be 0 + (-4 - -2) - -36. Suppose 0 = -4*s + 3*k - 0*k + 8, s - 4*k = 2. Suppose -76 = -s*n + 26. What is the greatest common factor of c and n?
17
Let m(w) = 127*w**3 - 4*w + 2. Let b be m(1). Let i = b + -88. Suppose 8*k - 16 = -n + 10*k, 5*k = -n + i. Calculate the highest common divisor of n and 2.
2
Let m be 2/(42/(-9)) - (-144)/42. Suppose 3*p - p - m*z - 78 = 0, 4*z = 0. What is the highest common divisor of p and 117?
39
Suppose 30 = 3*x - 30. Suppose 122*d - 119*d = 213*d - 4200. Calculate the highest common factor of d and x.
20
Let c be (434/56)/(2/(-24)). Let g = -22 - 59. Let o = g - c. Calculate the greatest common divisor of o and 36.
12
Let s(p) = 46*p + 12. Suppose 14*a - 75 + 19 = 0. Let k be s(a). What is the highest common divisor of k and 112?
28
Let j(z) = -9*z**2 - 8*z + 13*z**2 - 6*z**2 - 17. Let q be j(-3). Let o be q/((-8)/4 - -1). What is the highest common factor of 44 and o?
11
Let v(i) be the second derivative of -13*i**3/6 + 185*i**2/2 + 15*i - 5. Let f be v(10). What is the highest common divisor of 330 and f?
55
Suppose 250*d + 2406 = 253*d. What is the greatest common factor of d and 4?
2
Let l be 5*1 + 1*12/(-12). Suppose 0*r + 3*k = r - 26, -l*k = 3*r - 52. Calculate the highest common factor of 1220 and r.
20
Let d(i) = i**3 - 11*i**2 + 3*i + 22. Let j be d(11). Suppose -j = -5*x + 155. What is the highest common factor of 378 and x?
42
Let h be 25 + (-17 - 4) + 20. Calculate the highest common divisor of 20616 and h.
24
Let d = 467 + -169. Let w = 78 - 78. Suppose w = 3*p - 2*l - d, 135 = 5*p - 2*l - 367. Calculate the highest common divisor of p and 17.
17
Let k(y) = y**3 + 37*y**2 + 67*y - 48. Suppose 22*i + 717 + 53 = 0. Let w be k(i). What is the highest common divisor of w and 38?
19
Suppose 35*v - 4*n - 109 = 0, 9*v = 6*v + n + 10. Calculate the greatest common divisor of 912 and v.
3
Let x be -116*(3 + (-7)/2). Let l = 60 - x. Suppose -2*h = 4*w - l - 4, 0 = -h + 4*w + 27. Calculate the greatest common factor of h and 55.
11
Let s be (-18)/(-42) + 8842/14. Let a = -554 + s. What is the greatest common divisor of a and 858?
78
Let w be 772020/324 + 2/9. Suppose -6*s = -w + 799. Calculate the highest common divisor of s and 22.
22
Let b be (-62)/(-3) + 4 + -6 + (-276)/(-207). What is the greatest common divisor of b and 3890?
10
Let w(z) = -23*z**2 + 15*z. Let o be w(3). Let h = o + 213. Calculate the greatest common factor of h and 3.
3
Let i be 7/(441/770) + (-4)/18. Suppose i*y + 12 = 14*y. What is the greatest common factor of y and 54?
6
Let c be 10/2 - (-2244)/11. Let k be c*((-4)/(-26) - 110/(-130)). Calculate the greatest common divisor of k and 19.
19
Let z(p) = p**3 + 10*p**2 - 14*p - 31. Let c be 119/(-11) + 2/(-11). Let u be z(c). What is the greatest common factor of u and 17?
1
Let b(i) = -i**3 + 19*i**2 + 21*i + 64. Suppose 7*q = 4*q - a + 57, 3*q = 5*a + 75. Let d be b(q). Calculate the highest common factor of 12 and d.
12
Let m = 2676 + -1612. What is the greatest common divisor of 322 and m?
14
Suppose 17887 - 18103 = -9*t. What is the greatest common divisor of 192 and t?
24
Let l = 10 + -8. Let g(s) = -s**3 - 15*s**2 - 9*s + 79. Let o be g(-14). Let u = o + l. What is the greatest common divisor of 22 and u?
11
Suppose -56*t = -19*t - 81141. What is the highest common factor of t and 34?
17
Let m be (-318)/(-24) + 2/(-4)*10/20. What is the greatest common divisor of m and 962?
13
Suppose 0 = -3*s + 28*d - 32*d + 1482, 0 = -3*s + 3*d + 1461. What is the highest common divisor of 70 and s?
70
Let o = 26 + -38. Let i = -6 - o. Let v(y) = y**3 - 4*y**2 - 5*y - 15. Let w be v(i). What is the highest common factor of 81 and w?
27
Let c be 4 - (18/2 - 1). Let f = 10 + c. Let p be 140/12 - -2 - f/9. Calculate the highest common divisor of p and 39.
13
Let t(a) = 345*a + 1761. Let z be t(-5). What is the greatest common factor of z and 732?
12
Let o(y) = y**2 + 13*y + 60. Let s be (-1)/(-2) + (-988)/104. Let x be o(s). What is the greatest common factor of x and 18?
6
Let h = 7756 - 5988. Calculate the greatest common divisor of 286 and h.
26
Suppose -h = -2*s - 543, h - 3*s - 348 = 194. What is the highest common factor of 80 and h?
5
Suppose -5*v = 5*b - 11045, 0 = 4*b + 2*v - 2786 - 6034. What is the greatest common factor of 155 and b?
31
Let k(f) = 23*f - 60. Let q = 232 - 227. Let y be k(q). Calculate the highest common factor of y and 5.
5
Let q(g) = -g**2 + 78*g - 1265. Let p be q(24). Calculate the greatest common factor of p and 12679.
31
Let s(h) = 39*h**2 - 4*h - 10. Suppose 5*n = 4*n + 33. Let p = -35 + n. Let m be s(p). What is the greatest common factor of 14 and m?
14
Let a(u) = 12*u - 12. Let h = -42 - -49. Suppose -h*n = 7 - 42. Let z be a(n). Calculate the highest common factor of z and 6.
6
Suppose 2*j = -r + 5, -17*r + 15 = -22*r. Calculate the greatest common divisor of 3428 and j.
4
Let r = -2498 + 1504. Let k = -966 - r. Calculate the greatest common factor of 1 and k.
1
Suppose 0 = 4*w - 0*w + 2*u + 106, 2*u - 10 = 0. Let i be 40 - w - (5 - 0). Calculate the greatest common factor of 32 and i.
32
Suppose 5*k - 1270 - 1538 = -4*k. Calculate the highest common factor of 260 and k.
52
Suppose 0 = 408*z - 12009 - 2191 - 14768. Calculate the greatest common divisor of 26199 and z.
71
Suppose 0 = -134*u + 913 + 856 + 1715. What is the greatest common factor of u and 4992?
26
Let m(v) = -765*v + 335. Let x be m(-1). Calculate the greatest common divisor of x and 800.
100
Let a = -394 + 716. Suppose -a = -7*o - 56. Calculate the highest common divisor of 418 and o.
38
Suppose 0 = 2*d - 4*o, -5*o - 5 = 104*d - 109*d. Suppose -5*b = -4*j - 47, b - 3*j + 3 - 19 = 0. What is the highest common factor of d and b?
1
Let y(w) = w + 18. Let z be y(-15). Suppose -9*p + z*p = -228. Suppose 4*d - 2*d + 2 = -4*k, -2*d + 4*k = -p. Calculate the highest common divisor of 9 and d.
9
Let s = -21 + 19. Let j be 26/(-39)*(s - 1). Let g be (-25 - 47)*j/(-4). What is the greatest common factor of g and 12?
12
Suppose 2*w - 71 = -59. Let y be 8/(-12) - (-124)/w. Calculate the highest common divisor of 4 and y.
4
Suppose -13*j + 14*j = 2*l - 1988, -2*l - 2*j + 1994 = 0